17
What is the remainder when 29649 is divided by 14822?
5
What is the remainder when 2593 is divided by 126?
73
What is the remainder when 2065 is divided by 336?
49
What is the remainder when 3331 is divided by 145?
141
Calculate the remainder when 597435 is divided by 3.
0
Calculate the remainder when 5572 is divided by 611.
73
Calculate the remainder when 86774 is divided by 23.
18
What is the remainder when 2181 is divided by 469?
305
Calculate the remainder when 47920 is divided by 78.
28
What is the remainder when 735 is divided by 102?
21
Calculate the remainder when 28394 is divided by 14197.
0
What is the remainder when 509386 is divided by 10?
6
Calculate the remainder when 148533 is divided by 28.
21
Calculate the remainder when 28775 is divided by 21.
5
Calculate the remainder when 1627419 is divided by 813708.
3
Calculate the remainder when 123942 is divided by 2213.
14
Calculate the remainder when 48646 is divided by 16.
6
What is the remainder when 9078 is divided by 4?
2
Calculate the remainder when 41181 is divided by 88.
85
Calculate the remainder when 121580 is divided by 8684.
4
What is the remainder when 1004 is divided by 159?
50
Calculate the remainder when 5696 is divided by 74.
72
What is the remainder when 489878 is divided by 1420?
1398
Calculate the remainder when 81164 is divided by 610.
34
What is the remainder when 129153 is divided by 78?
63
Calculate the remainder when 632 is divided by 44.
16
Calculate the remainder when 3054 is divided by 17.
11
Calculate the remainder when 771 is divided by 49.
36
Calculate the remainder when 2909 is divided by 66.
5
Calculate the remainder when 38988 is divided by 38985.
3
Calculate the remainder when 72355 is divided by 7.
3
What is the remainder when 27494 is divided by 13730?
34
Calculate the remainder when 209273 is divided by 337.
333
What is the remainder when 1512 is divided by 592?
328
What is the remainder when 181905 is divided by 18177?
135
Calculate the remainder when 2647 is divided by 17.
12
What is the remainder when 122 is divided by 3?
2
Calculate the remainder when 16193 is divided by 15980.
213
Calculate the remainder when 521 is divided by 55.
26
What is the remainder when 29978 is divided by 1666?
1656
Calculate the remainder when 1452 is divided by 29.
2
Calculate the remainder when 54092 is divided by 131.
120
What is the remainder when 248925 is divided by 48?
45
What is the remainder when 513 is divided by 467?
46
What is the remainder when 149283 is divided by 14?
1
Calculate the remainder when 412 is divided by 147.
118
What is the remainder when 4478 is divided by 562?
544
What is the remainder when 282714 is divided by 239?
216
Calculate the remainder when 233809 is divided by 19.
14
What is the remainder when 47535 is divided by 191?
167
What is the remainder when 10425 is divided by 93?
9
What is the remainder when 138745 is divided by 21?
19
What is the remainder when 2879 is divided by 50?
29
Calculate the remainder when 42447 is divided by 386.
373
What is the remainder when 15322 is divided by 260?
242
Calculate the remainder when 7133 is divided by 39.
35
What is the remainder when 6812 is divided by 171?
143
Calculate the remainder when 20771 is divided by 277.
273
Calculate the remainder when 1388 is divided by 413.
149
Calculate the remainder when 125683 is divided by 41890.
13
What is the remainder when 845115 is divided by 9?
6
What is the remainder when 7018 is divided by 2181?
475
What is the remainder when 335907 is divided by 30?
27
What is the remainder when 49243 is divided by 7032?
19
What is the remainder when 19564 is divided by 6517?
13
Calculate the remainder when 2995 is divided by 2490.
505
What is the remainder when 138086 is divided by 313?
53
What is the remainder when 45888 is divided by 6555?
3
What is the remainder when 2998 is divided by 38?
34
Calculate the remainder when 2010 is divided by 22.
8
Calculate the remainder when 1493 is divided by 250.
243
What is the remainder when 67764 is divided by 18?
12
Calculate the remainder when 6165 is divided by 192.
21
Calculate the remainder when 74590 is divided by 10630.
180
Calculate the remainder when 6144 is divided by 3064.
16
Calculate the remainder when 2708 is divided by 128.
20
What is the remainder when 4269 is divided by 1012?
221
Calculate the remainder when 217788 is divided by 19.
10
What is the remainder when 9162 is divided by 2746?
924
Calculate the remainder when 12234 is divided by 6042.
150
What is the remainder when 18456 is divided by 1677?
9
Calculate the remainder when 1519 is divided by 144.
79
Calculate the remainder when 42554 is divided by 132.
50
Calculate the remainder when 6996 is divided by 1493.
1024
Calculate the remainder when 3164 is divided by 905.
449
What is the remainder when 31693 is divided by 283?
280
What is the remainder when 1333 is divided by 271?
249
What is the remainder when 1656638 is divided by 1422?
8
Calculate the remainder when 1874 is divided by 17.
4
What is the remainder when 816119 is divided by 5?
4
What is the remainder when 74984 is divided by 14994?
14
What is the remainder when 15311 is divided by 1383?
98
What is the remainder when 4060 is divided by 142?
84
Calculate the remainder when 107595 is divided by 366.
357
What is the remainder when 628894 is divided by 20963?
4
What is the remainder when 5611 is divided by 22?
1
What is the remainder when 16187 is divided by 3189?
242
What is the remainder when 399496 is divided by 14?
6
Calculate the remainder when 13450 is divided by 14.
10
What is the remainder when 2065 is divided by 496?
81
What is the remainder when 1980 is divided by 615?
135
Calculate the remainder when 3493 is divided by 274.
205
What is the remainder when 104550 is divided by 61?
57
Calculate the remainder when 1339859 is divided by 15.
14
What is the remainder when 10825 is divided by 31?
6
What is the remainder when 1226 is divided by 420?
386
What is the remainder when 4055 is divided by 1993?
69
What is the remainder when 89677 is divided by 44835?
7
What is the remainder when 245421 is divided by 91?
85
What is the remainder when 5465204 is divided by 517?
514
Calculate the remainder when 3910 is divided by 554.
32
Calculate the remainder when 135480 is divided by 292.
284
What is the remainder when 6290 is divided by 2060?
110
What is the remainder when 15611 is divided by 279?
266
What is the remainder when 1365 is divided by 227?
3
Calculate the remainder when 63010 is divided by 98.
94
Calculate the remainder when 16975 is divided by 17.
9
Calculate the remainder when 13890 is divided by 1385.
40
What is the remainder when 686511 is divided by 343254?
3
Calculate the remainder when 26057 is divided by 30.
17
What is the remainder when 50825 is divided by 230?
225
What is the remainder when 10805 is divided by 2121?
200
Calculate the remainder when 61317 is divided by 30650.
17
Calculate the remainder when 14640 is divided by 2436.
24
What is the remainder when 25526 is divided by 516?
242
Calculate the remainder when 1734 is divided by 532.
138
Calculate the remainder when 28184 is divided by 761.
27
What is the remainder when 66013 is divided by 22004?
1
What is the remainder when 12363 is divided by 25?
13
Calculate the remainder when 8136 is divided by 7952.
184
Calculate the remainder when 480 is divided by 158.
6
Calculate the remainder when 2878 is divided by 410.
8
What is the remainder when 8806 is divided by 350?
56
Calculate the remainder when 235435 is divided by 298.
15
What is the remainder when 732536 is divided by 94?
88
Calculate the remainder when 6841 is divided by 160.
121
What is the remainder when 8064 is divided by 61?
12
Calculate the remainder when 1042 is divided by 342.
16
What is the remainder when 485 is divided by 119?
9
What is the remainder when 40312 is divided by 8055?
37
Calculate the remainder when 869 is divided by 2.
1
Calculate the remainder when 4693 is divided by 22.
7
What is the remainder when 20292 is divided by 1832?
140
Calculate the remainder when 10946 is divided by 837.
65
What is the remainder when 54753 is divided by 13683?
21
What is the remainder when 11805 is divided by 425?
330
Calculate the remainder when 1381 is div